hat is 486 (base 9) in base 13?
24c
Convert 11122220 (base 3) to base 9.
4586
What is 3bd7 (base 16) in base 11?
10567
-c459 (base 15) to base 11
-29193
16206 (base 7) to base 12
2783
What is -905 (base 11) in base 12?
-772
Convert -2403 (base 5) to base 7.
-1013
Convert -1746 (base 9) to base 16.
-53a
Convert -1104324 (base 5) to base 4.
-10232023
-c218 (base 13) to base 5
-1323343
Convert -1121110 (base 3) to base 12.
-819
Convert 52341 (base 7) to base 14.
4991
Convert -1100100 (base 2) to base 12.
-84
What is -a05 (base 16) in base 12?
-1599
What is -9ba (base 13) in base 7?
-4611
857 (base 9) to base 15
31a
Convert 215334 (base 6) to base 13.
82b1
What is -233043 (base 5) in base 4?
-2011023
Convert -100223 (base 4) to base 7.
-3053
-280 (base 13) to base 5
-3232
What is 644 (base 8) in base 6?
1540
Convert 13114 (base 5) to base 13.
617
7a (base 11) to base 2
1010111
3712 (base 9) to base 13
1349
10140 (base 7) to base 15
b03
What is -1010110100 (base 2) in base 9?
-848
What is -1353521 (base 6) in base 7?
-441244
What is -38a5 (base 12) in base 15?
-1dab
-2222313 (base 4) to base 12
-63b3
What is 122000 (base 3) in base 13?
294
Convert 17c (base 13) to base 15.
132
What is -19042 (base 10) in base 4?
-10221202
Convert 80c4 (base 13) to base 12.
a320
What is -625 (base 8) in base 9?
-500
What is -34664 (base 7) in base 5?
-241130
What is -104433 (base 5) in base 7?
-13625
Convert -1314 (base 5) to base 15.
-de
What is 765 (base 9) in base 6?
2522
What is -16172 (base 8) in base 10?
-7290
Convert -3321222 (base 4) to base 2.
-11111001101010
96a (base 16) to base 11
18a1
What is 8b0 (base 14) in base 2?
11010111010
Convert -2212202222 (base 3) to base 8.
-156573
Convert -2e0 (base 15) to base 4.
-22110
What is 55bc (base 16) in base 4?
11112330
Convert c581 (base 15) to base 2.
1010001100010010
Convert -86 (base 10) to base 13.
-68
-2110022211 (base 3) to base 8
-136340
165 (base 8) to base 7
225
What is 2555 (base 6) in base 2?
1010000111
What is -164 (base 16) in base 15?
-18b
Convert 6297 (base 11) to base 2.
10000010001110
-582 (base 16) to base 13
-846
7c3 (base 14) to base 16
607
Convert a32 (base 11) to base 10.
1245
214 (base 13) to base 3
111011
-27602 (base 8) to base 4
-2332002
-1101 (base 4) to base 6
-213
Convert -12 (base 9) to base 7.
-14
What is 1b1e (base 15) in base 10?
5879
Convert 31123 (base 4) to base 8.
1533
Convert -19a12 (base 11) to base 3.
-1102012020
-22535 (base 8) to base 11
-7206
Convert 32378 (base 9) to base 6.
243155
130254 (base 6) to base 10
11770
Convert -2204 (base 6) to base 2.
-111111100
What is -230 (base 15) in base 9?
-610
Convert 25929 (base 10) to base 4.
12111021
-1704 (base 10) to base 5
-23304
-350 (base 12) to base 3
-200020
What is 1176 (base 9) in base 12?
613
What is 1000110101 (base 2) in base 15?
27a
-15626 (base 10) to base 16
-3d0a
What is -176a (base 12) in base 14?
-1054
-88 (base 11) to base 12
-80
Convert 1122112 (base 3) to base 9.
1575
Convert 33231 (base 9) to base 12.
10924
Convert 6e98 (base 16) to base 11.
1a2a9
Convert 2322 (base 4) to base 7.
354
-11123111 (base 4) to base 9
-33438
Convert 60e (base 16) to base 9.
2112
Convert -2084 (base 12) to base 13.
-1807
-10310300 (base 4) to base 7
-111416
Convert -4 (base 15) to base 13.
-4
Convert 730 (base 10) to base 3.
1000001
What is -1100120 (base 3) in base 5?
-12422
Convert -1315 (base 7) to base 11.
-417
-104c (base 13) to base 4
-203111
Convert -4773 (base 15) to base 12.
-8953
Convert 373 (base 9) to base 4.
10311
-1b8a (base 15) to base 4
-1131130
What is 321 (base 8) in base 9?
252
-121515 (base 7) to base 13
-a155
Convert 222222222 (base 3) to base 13.
8c60
Convert 102 (base 15) to base 10.
227
Convert -aa92 (base 15) to base 3.
-1211120102
What is 28 (base 12) in base 8?
40
What is 30120 (base 4) in base 13?
48c
What is -2212111211 (base 3) in base 15?
-11b21
6132 (base 7) to base 10
2130
1e5 (base 15) to base 5
3230
-553 (base 6) to base 8
-325
-14030 (base 10) to base 9
-21218
101112 (base 4) to base 5
13420
203 (base 16) to base 15
245
5b5 (base 13) to base 2
1111100001
151 (base 11) to base 5
1202
73a5 (base 11) to base 13
45c6
What is -74a (base 11) in base 14?
-485
What is -340546 (base 7) in base 2?
-1110101110010000
-336501 (base 7) to base 15
-12b53
What is 3656 (base 7) in base 15?
60e
Convert 406b (base 15) to base 9.
20582
What is -25b (base 12) in base 9?
-438
Convert 5546 (base 12) to base 6.
111330
What is 310104 (base 5) in base 13?
4746
42ba (base 13) to base 14
354b
Convert c0 (base 16) to base 4.
3000
Convert -230 (base 16) to base 15.
-275
What is 26a8 (base 15) in base 2?
10000001000010
1923 (base 10) to base 16
783
Convert -20a (base 12) to base 6.
-1214
What is -111001011001 (base 2) in base 10?
-3673
14b10 (base 12) to base 8
71074
Convert -1140441 (base 6) to base 16.
-e989
What is 1b04 (base 16) in base 12?
4004
10032231 (base 4) to base 8
41655
What is 1000001011010111 (base 2) in base 4?
20023113
-221 (base 11) to base 4
-10021
What is -47 (base 12) in base 10?
-55
10110130 (base 4) to base 8
42434
Convert 49b9 (base 14) to base 11.
9770
What is 1010022 (base 3) in base 16?
332
Convert 30212 (base 5) to base 7.
5430
What is -863 (base 10) in base 6?
-3555
Convert 3322230 (base 4) to base 15.
4b49
Convert -1052 (base 10) to base 14.
-552
What is -79 (base 14) in base 5?
-412
What is 93 (base 16) in base 8?
223
119 (base 16) to base 2
100011001
Convert 9603 (base 10) to base 11.
7240
What is -8901 (base 10) in base 6?
-105113
What is 453 (base 6) in base 13?
108
Convert 299 (base 11) to base 5.
2400
Convert -5082 (base 12) to base 8.
-21042
What is -10011011100 (base 2) in base 6?
-5432
Convert 1738 (base 12) to base 7.
11051
20301 (base 5) to base 8
2456
Convert -73a (base 16) to base 2.
-11100111010
What is -324b (base 12) in base 9?
-7525
Convert -21444 (base 8) to base 10.
-8996
-12a1 (base 14) to base 2
-110011001101
Convert 230 (base 9) to base 5.
1224
-2604 (base 8) to base 4
-112010
-12500 (base 9) to base 6
-103000
Convert -101011111110 (base 2) to base 6.
-21010
What is 3352 (base 6) in base 9?
1065
2133 (base 4) to base 5
1114
What is -188 (base 16) in base 14?
-200
Convert 213 (base 7) to base 3.
11000
Convert -2a4 (base 13) to base 10.
-472
Convert -14cb (base 14) to base 9.
-5068
What is 4dd (base 16) in base 9?
1633
What is 1210 (base 4) in base 6?
244
-777 (base 11) to base 5
-12211
What is 45130 (base 10) in base 8?
130112
Convert -119 (base 12) to base 3.
-20010
What is -1025 (base 6) in base 11?
-1a2
-143433 (base 5) to base 9
-8347
Convert 32136 (base 9) to base 8.
51407
What is -704 (base 8) in base 6?
-2032
Convert -ba40 (base 13) to base 11.
-18514
Convert -60b (base 16) to base 12.
-a8b
What is 313 (base 5) in base 13?
65
7b82 (base 14) to base 6
243234
What is -75655 (base 8) in base 14?
-b777
42205 (base 9) to base 11
19a36
What is -255 (base 7) in base 10?
-138
Convert -280 (base 12) to base 4.
-12000
What is -7157 (base 15) in base 7?
-126526
Convert 10704 (base 12) to base 10.
21748
-10011101001010 (base 2) to base 4
-2131022
934 (base 10) to base 3
1021121
What is -338 (base 9) in base 10?
-278
What is 13421 (base 5) in base 15?
4e1
Convert 151005 (base 6) to base 10.
14477
What is 5100 (base 6) in base 12?
790
6378 (base 9) to base 2
1001001010000
What is -228 (base 13) in base 3?
-111210
Convert -bd (base 14) to base 4.
-2213
What is -38353 (base 11) in base 3?
-2210102202
Convert -17b61 (base 12) to base 16.
-86b9
Convert 332212 (base 4) to base 5.
112011
-101100001 (base 2) to base 14
-1b3
What is -115503 (base 7) in base 11?
-149a7
-571 (base 9) to base 14
-257
What is -41 (base 6) in base 11?
-23
-1127 (base 14) to base 2
-101110011111
Convert -6053 (base 11) to base 14.
-2d08
What is a3d (base 16) in base 5?
40441
2914 (base 13) to base 3
22010201
What is 64351 (base 8) in base 10?
26857
646 (base 7) to base 6
1304
Convert 1761 (base 9) to base 12.
947
Convert -2112 (base 6) to base 15.
-21b
552 (base 9) to base 14
244
434 (base 11) to base 12
375
What is -71de (base 16) in base 14?
-a8a2
Convert -20a6 (base 12) to base 2.
-110111111110
What is ab5 (base 13) in base 6?
12302
What is -7612 (base 8) in base 10?
-3978
Convert 33012 (base 4) to base 14.
